5302001.
3, 11, 29, 97, 107, 367
List the prime factors of 25267809.
3, 7, 1203229
What are the prime factors of 3055903281?
3, 3881, 9721
What are the prime factors of 998827912?
2, 124853489
List the prime factors of 332567119.
97, 1033, 3319
What are the prime factors of 48340948?
2, 113, 106949
What are the prime factors of 59010902?
2, 2333, 12647
List the prime factors of 844224357.
3, 101, 2786219
What are the prime factors of 1301877879?
3, 41, 10584373
What are the prime factors of 90183270?
2, 3, 5, 59, 50951
What are the prime factors of 3727539340?
2, 5, 7, 17, 181, 509
What are the prime factors of 559187594?
2, 7, 19, 1031, 2039
List the prime factors of 90203236.
2, 22550809
What are the prime factors of 3480048280?
2, 5, 87001207
What are the prime factors of 74694735?
3, 5, 1659883
What are the prime factors of 815048587?
815048587
List the prime factors of 7418705.
5, 7, 127, 1669
List the prime factors of 359656020.
2, 3, 5, 1998089
What are the prime factors of 460042787?
131, 3511777
What are the prime factors of 116815867?
7, 1283, 13007
List the prime factors of 81337042.
2, 439, 92639
List the prime factors of 3708016854.
2, 3, 618002809
List the prime factors of 931338895.
5, 59, 3157081
What are the prime factors of 2033015967?
3, 225890663
What are the prime factors of 55890822?
2, 3, 13, 716549
What are the prime factors of 56023496?
2, 43, 162859
What are the prime factors of 514922430?
2, 3, 5, 11, 1560371
List the prime factors of 4410334955.
5, 13, 421, 161167
What are the prime factors of 96539508?
2, 3, 13, 206281
What are the prime factors of 789306867?
3, 41, 2139043
List the prime factors of 255074859.
3, 13, 823, 883
What are the prime factors of 22178471?
7, 3168353
What are the prime factors of 592910003?
7, 17, 4982437
What are the prime factors of 53388197?
53388197
What are the prime factors of 46881422?
2, 7, 3348673
List the prime factors of 627800858.
2, 313900429
What are the prime factors of 52721993?
79, 667367
List the prime factors of 1783587193.
1783587193
What are the prime factors of 178374040?
2, 5, 13, 37, 73, 127
What are the prime factors of 4487819934?
2, 3, 13, 6637, 8669
List the prime factors of 260957388.
2, 3, 21746449
What are the prime factors of 778722777?
3, 7, 1787, 6917
List the prime factors of 42344043.
3, 7, 1277, 1579
What are the prime factors of 5735886331?
7, 18077, 45329
List the prime factors of 69685658.
2, 7, 4977547
List the prime factors of 24894829.
31, 803059
List the prime factors of 1008181117.
3769, 267493
List the prime factors of 49035334.
2, 24517667
List the prime factors of 38736851.
43, 733, 1229
What are the prime factors of 1051263125?
5, 11, 13901
List the prime factors of 6855090378.
2, 3, 1142515063
List the prime factors of 34182887.
34182887
What are the prime factors of 41991?
3, 13997
List the prime factors of 181887017.
13, 13991309
List the prime factors of 869202184.
2, 359, 302647
What are the prime factors of 723336381?
3, 80370709
What are the prime factors of 229304201?
7, 277, 118259
What are the prime factors of 2369460?
2, 3, 5, 17, 23, 101
What are the prime factors of 320681544?
2, 3, 19, 703249
List the prime factors of 71536305.
3, 5, 43, 110909
What are the prime factors of 2473836?
2, 3, 206153
List the prime factors of 2269483.
17, 133499
List the prime factors of 699446533.
97, 337, 21397
What are the prime factors of 387181410?
2, 3, 5, 7, 11, 167611
List the prime factors of 49007995.
5, 9801599
List the prime factors of 193786216.
2, 13, 143333
What are the prime factors of 41352493?
7, 13, 19, 23917
List the prime factors of 6245427481.
431, 14490551
List the prime factors of 364315371.
3, 7, 29, 598219
List the prime factors of 279036021.
3, 11, 61, 138617
What are the prime factors of 1923628640?
2, 5, 53, 226843
What are the prime factors of 116526585?
3, 5, 7, 17, 97, 673
What are the prime factors of 125733222?
2, 3, 19, 40849
What are the prime factors of 155802902?
2, 191, 407861
What are the prime factors of 1091995035?
3, 5, 23, 3165203
What are the prime factors of 976179167?
5153, 189439
What are the prime factors of 515271293?
47, 10963219
What are the prime factors of 49904068?
2, 12476017
List the prime factors of 1895542398.
2, 3, 17, 313, 733
List the prime factors of 108515631.
3, 7, 19, 271969
List the prime factors of 142241511.
3, 47413837
What are the prime factors of 58288509?
3, 23, 193, 1459
List the prime factors of 2956770680.
2, 5, 173, 427279
What are the prime factors of 176489323?
67, 401, 6569
List the prime factors of 286375656.
2, 3, 7, 89, 107, 179
List the prime factors of 74146952.
2, 11, 59, 14281
What are the prime factors of 112115075?
5, 1669, 2687
What are the prime factors of 65152713?
3, 21717571
List the prime factors of 935447205.
3, 5, 7, 11, 659, 1229
What are the prime factors of 800544795?
3, 5, 53369653
What are the prime factors of 9397416212?
2, 191, 12300283
List the prime factors of 1139542174.
2, 569771087
What are the prime factors of 487287675?
3, 5, 7, 457, 677
List the prime factors of 766463447.
101, 1297, 5851
List the prime factors of 3692632.
2, 73, 6323
List the prime factors of 356434910.
2, 5, 13, 23, 71, 73
What are the prime factors of 185084622?
2, 3, 587, 5839
What are the prime factors of 677085182?
2, 338542591
What are the prime factors of 1376559487?
1376559487
List the prime factors of 227646916.
2, 7, 23, 353489
List the prime factors of 4813062706.
2, 59, 40788667
What are the prime factors of 1099729213?
11, 29, 769, 4483
List the prime factors of 37394552.
2, 13, 359563
List the prime factors of 2613053664.
2, 3, 13, 37, 1451
What are the prime factors of 730366795?
5, 146073359
What are the prime factors of 7710792?
2, 3, 17, 18899
List the prime factors of 910187253.
3, 33710639
What are the prime factors of 467845190?
2, 5, 46784519
List the prime factors of 664110365.
5, 31, 67, 63949
What are the prime factors of 4263005461?
11, 13, 29811227
What are the prime factors of 3569763906?
2, 3, 103, 641813
What are the prime factors of 50581061?
50581061
What are the prime factors of 55298389?
29, 31, 61511
What are the prime factors of 2124137452?
2, 19, 27949177
What are the prime factors of 8106960701?
7, 29, 39935767
List the prime factors of 39383222.
2, 23, 179, 4783
List the prime factors of 317448408.
2, 3, 97, 136361
List the prime factors of 788743030.
2, 5, 78874303
List the prime factors of 119595655.
5, 37, 59, 10957
List the prime factors of 1874097208.
2, 41, 43, 89, 1493
List the prime factors of 6538844943.
3, 37, 41, 478931
What are the prime factors of 1500834545?
5, 7, 17, 61, 41351
What are the prime factors of 62105691?
3, 20701897
List the prime factors of 159229779.
3, 53076593
What are the prime factors of 692858458?
2, 269, 1287841
What are the prime factors of 1823994228?
2, 3, 7, 109, 149, 191
What are the prime factors of 271396324?
2, 67849081
List the prime factors of 1402871151.
3, 11, 53, 179, 4481
List the prime factors of 90431210.
2, 5, 9043121
What are the prime factors of 4173654508?
2, 1043413627
List the prime factors of 55360444.
2, 13840111
List the prime factors of 639742322.
2, 319871161
What are the prime factors of 13783887?
3, 13, 117811
What are the prime factors of 226992883?
13, 59, 295949
What are the prime factors of 991935788?
2, 17, 14587291
What are the prime factors of 7841172790?
2, 5, 11, 71283389
What are the prime factors of 30020564?
2, 7, 1072163
List the prime factors of 1015639630.
2, 5, 61, 811, 2053
List the prime factors of 430842504.
2, 3, 37, 251, 1933
What are the prime factors of 82796019?
3, 1373, 20101
What are the prime factors of 1396914602?
2, 283, 2468047
List the prime factors of 1585426895.
5, 13, 53, 460211
What are the prime factors of 69611431?
61, 1141171
List the prime factors of 5315415.
3, 5, 7, 23, 31, 71
List the prime factors of 792864862.
2, 523, 757997
List the prime factors of 1385044440.
2, 3, 5, 13, 887849
List the prime factors of 5804584006.
2, 13, 17, 1579, 8317
List the prime factors of 952637939.
11, 229, 317, 1193
List the prime factors of 1155543.
3, 23, 16747
What are the prime factors of 126332682?
2, 3, 7, 241, 1783
List the prime factor